11*k - 2*k + 6 + 7*k**p. What is the tens digit of f(-10)?
1
Suppose 0 = -1479*p + 1484*p + 65. What is the hundreds digit of 472 - p - (0 + 0)?
4
Let k(n) = 12*n + 26. Let d(f) = -1. Let o(v) = d(v) - k(v). Let w be o(-11). What is the tens digit of w/10 - 3/(-2)?
1
Let v(i) = -715*i + 3338. What is the hundreds digit of v(-16)?
7
Let z = 37843 + -24638. What is the ten thousands digit of z?
1
Suppose 0 = -4*k + 5*m + 287, -5*k = -6*k + 3*m + 77. What is the hundreds digit of 1081/2 - (-8 + k/8)?
5
Suppose 121*c - 139412 = -61*c. What is the units digit of c?
6
Suppose -3*x - 50 = -5*q, 20 = 2*q - 0*x - 2*x. Let p(w) = q + 11 - 18 + 3*w. What is the units digit of p(13)?
2
Let p be ((-8)/(-10))/(16/(-15120)). What is the units digit of p/(2/12*-9)?
4
Let r(l) = -72*l**2 + 71*l + 13. Let t be r(4). Let c = 1186 + t. What is the hundreds digit of c?
3
Let c(p) be the third derivative of 0 + 1/60*p**5 + 1/12*p**4 + 20*p**2 + 47/3*p**3 + 0*p. What is the units digit of c(0)?
4
Let k = 15167 - 7067. What is the hundreds digit of k?
1
Let i = 1913 - 4455. What is the hundreds digit of 24/16 - i/4?
6
Suppose 5*n - 8*n - u = 923, 5*n - 2*u + 1520 = 0. What is the units digit of -1 - -7 - (4 + n)?
8
Let z = -51 - -30. Let v(a) be the second derivative of a**5/20 + 5*a**4/3 - 13*a**3/3 + 3*a**2 + 4*a. What is the hundreds digit of v(z)?
1
Let i(b) = -3*b**3 - 7*b**2 + 60*b - 45. What is the ten thousands digit of i(-19)?
1
Let p be (3 - 6)*(-2)/(-4)*-2. Let l(x) = 6*x**3 - 14*x**3 + 7*x**3 - 11*x**2 - p*x + 3 - 18*x. What is the tens digit of l(-9)?
3
Let r(l) = -l**3 + 5*l**2 + 7*l - 8. Let x be 48/(-18)*27/(-12). Let c be r(x). Let v(j) = -41*j + 2. What is the tens digit of v(c)?
8
Let t be (-4)/(-1) - -18 - 3. Suppose 0 = b - u - t, 0 = -b - 4*u - u + 7. Suppose b*l = 20*l - 651. What is the units digit of l?
7
Let h(l) = -l**3 + 40*l**2 - 135*l - 71. What is the units digit of h(29)?
5
Let o = 33860 - 22688. What is the units digit of o?
2
Let m = -26 + 31. Suppose -2*h = 4*o - 461 - 1129, 1626 = 2*h - m*o. Suppose 5*d - 262 = h. What is the units digit of d?
3
What is the units digit of 77688/(-40)*30/(-9)?
4
Suppose 5*v + 207335 - 33283 = 9*i, -3*v + 96736 = 5*i. What is the thousands digit of i?
9
Suppose 0 = 34*n - 25056 - 4728. What is the units digit of n?
6
Suppose -4*q - 4*s = 1454 - 15642, 5*s - 10649 = -3*q. What is the units digit of q?
3
Let x(b) = b**3 + 11*b**2 - 2*b + 57. Let u(o) = -o**3 - 10*o**2 + 2*o - 58. Let p(r) = 6*u(r) + 7*x(r). What is the units digit of p(-15)?
1
Suppose 22*n = 16*n + 696. What is the tens digit of (2581/n)/((-1)/(-8))?
7
Suppose -166*s + 4*z + 48294 = -164*s, -72369 = -3*s - 3*z. What is the ten thousands digit of s?
2
Let g = 21733 - 13646. What is the thousands digit of g?
8
Let d(f) = 4*f + 4. Let x be d(1). Suppose x*u = 3*u + 1315. Let o = u + -83. What is the units digit of o?
0
Let g(j) = j**3 + 22*j**2 + 3*j - 31. Let m(s) = 2*s**3 + 44*s**2 + 5*s - 61. Let i(h) = -5*g(h) + 2*m(h). What is the tens digit of i(-22)?
4
Let l(u) = -u - 9. Let t be l(-3). Let x = 4 - t. Suppose -3*c = -x*c + 385. What is the units digit of c?
5
Suppose 2*a = -2*m + 3 + 9, 3*a - 10 = -m. Suppose -24 = -a*y - 4*y. Suppose y*o = -6*b + b + 291, -4*b = -o - 216. What is the units digit of b?
5
Let l(s) be the first derivative of -2*s**3 + 1493 + 13*s**3 - 4*s - 1494. What is the units digit of l(-2)?
8
Let s(c) = c**3 - 21*c**2 + 28*c - 35. Let t be s(20). Suppose -543 = -4*n + t. What is the units digit of n?
7
Let y = 143 + -143. Let r(m) = m**3 + 6*m**2 + 3*m + 660. What is the tens digit of r(y)?
6
Let q = 24740 - 15336. What is the thousands digit of q?
9
Let y be 4/(-1) + 1 + -2. Let n be (0 + 15/2)/(8/(-16)). What is the units digit of n/y + (-94)/(-2) + 1?
1
Let v = 8034 - 4669. What is the thousands digit of v?
3
Suppose 265 = -61*g + 56*g. Let a = 279 + g. What is the tens digit of a?
2
Suppose -17*a + 25882 = -14391. What is the hundreds digit of a?
3
Let b = 4931 + -4904. Let q(k) = k - 4. Let r be q(-4). Let c = r + b. What is the units digit of c?
9
Let a = 13118 - 8341. What is the tens digit of a?
7
Let q = -125 - -212. What is the tens digit of 907/3 + 58/q?
0
Let h(u) = u**3 + 10*u**2 + 11*u - 3. Let n be h(-8). Let f = 40 - n. Suppose 0 = -2*l + 4*o + 120, -3*l + 106 = -l + f*o. What is the tens digit of l?
5
Suppose -2*a - 394 - 178 = 0. Let r = 3722 + -3838. Let v = r - a. What is the hundreds digit of v?
1
Suppose 0 = -w - 2*c - 2 + 9, -5*w + 3*c + 9 = 0. Suppose -5*n + 3*i = -689 + 137, -w*i = -3. What is the tens digit of n?
1
Let a(z) = 25*z**2 - 46*z**2 - 13 + 21*z**2 + 13*z**2. What is the hundreds digit of a(6)?
4
Let m = -6 - -8. Suppose 0 = m*y - 7*y + 2*l + 3097, y - 5*l - 624 = 0. What is the tens digit of y?
1
Let d(f) = -f**3 - 10*f**2 + 3*f + 26. Let t be d(-11). Let h = 172 - t. What is the units digit of h?
8
Suppose 31189 = 3*j + 2*a, 2542*j - a = 2540*j + 20795. What is the units digit of j?
7
Let a(y) = 790*y - 8. Let m be a(13). Suppose 0*c = -3*c + 3*b + 7689, -2*b = -4*c + m. What is the tens digit of c/28 - 2/(-7)?
9
Suppose -5*f + 4*k = -167392, 3*k = 58*f - 59*f + 33505. What is the hundreds digit of f?
4
Let v = 73 + -67. What is the units digit of 9 + 3404/8 + (-3)/v?
4
Suppose -1 = -5*k + 19. Let w(q) = -q - q + k - 6. What is the units digit of w(-8)?
4
Suppose 139821 - 419048 = 47*k. What is the units digit of k/(-6) - 76/456?
0
Let h(n) = -33*n**3 - 35*n**2 - 14*n + 60. What is the tens digit of h(-13)?
2
Let b be (21/12 - (-1)/4) + 27. Let j = 34 - b. Let s(t) = 5*t + 1. What is the tens digit of s(j)?
2
Let r(i) be the first derivative of 3*i**4/2 + 5*i**3/3 - 4*i**2 + 15*i + 31. Let j be r(6). Suppose -12*o = -693 - j. What is the units digit of o?
8
Let v(o) = 7*o - 46. Let b be v(7). Suppose -4*p - 779 = -2*w - b*p, 3*p + 785 = 2*w. What is the hundreds digit of w?
3
Suppose -5*a + 203*k - 208*k = -219970, 4 = -4*k. What is the tens digit of a?
9
Suppose 4*n = 2*j - 11 - 19, 3*j + 3*n = 0. Suppose w = -m + 7, 0 = j*m + 2*w - 4*w - 14. What is the units digit of (-1)/((m/(-83))/4)?
3
Suppose -323*s = -301*s - 691130. What is the tens digit of s?
1
Let w be (-1 - -30) + (-5 - -6). Suppose 5*g + 2*p - 178 = 0, 0 = -g + p - 0*p + w. Let r = 114 - g. What is the tens digit of r?
8
Suppose -2 = -v + 4*t - 20, 14 = 2*v + 2*t. Suppose -2*r + 25 = 5*y, 3*r - v*y + 7 + 3 = 0. Suppose r = -5*g, 6*i = i + 4*g + 240. What is the tens digit of i?
4
Suppose 95*n - 2297861 - 57189 = 0. What is the tens digit of n?
9
Let g(q) = 204*q**2 - 123*q + 1350. What is the tens digit of g(12)?
5
Let k = 98 + -56. Let b be (-1)/(-7) + 162/k. Suppose 7*m - 589 = 3*m + w, -2*w - 590 = -b*m. What is the units digit of m?
7
Let w(l) = 10*l**2 + 11*l + 381. What is the hundreds digit of w(-62)?
1
Let t = -48578 - -83116. What is the units digit of t?
8
Suppose 15*m = 12*m + 45. Suppose 8616 = 9*x + m*x. What is the hundreds digit of x?
3
Let d(f) = 3*f**2 + 27*f + 82. Let g(h) = 4*h**2 + 29*h + 82. Let w(n) = -3*d(n) + 2*g(n). What is the units digit of w(-8)?
8
Suppose 29456 = 6*l + 2516. What is the hundreds digit of l?
4
Suppose 4*i = 3*i - 5*j + 3, -4*i = -4*j - 12. Suppose 4*k = i*u + 7, 5*u + 11 = 2*u + 2*k. What is the units digit of 206/(u*(-8)/20)?
3
Let d(x) = -x + 2. Let j be 1251/(-36) - 1/4. Let n = -44 - j. What is the tens digit of d(n)?
1
Let i be -8 - -12*(-50)/(-15). Let h(x) = 19*x - 228. What is the tens digit of h(i)?
8
Let g = -91 + 89. Let n be g - -2 - (-255 - -12). Let l = n + -15. What is the units digit of l?
8
Suppose 5*l = -4*t + 105548, 5*t - 132025 = 34*l - 29*l. What is the units digit of t?
7
Let m(i) = 223*i**3 - 5*i**2 + 26*i - 29. What is the tens digit of m(6)?
1
Suppose 5*v - 2*h = 10034, 4*v + 2*h - 8022 = h. Let u = v + -781. What is the tens digit of u?
2
Let h = -8090 - -8087. Let x(d) = 2 + 20*d**2 + 6 + 5*d - 2. What is the hundreds digit of x(h)?
1
Let y be ((-2)/1 - (2895 + -11)) + -4. Let q = 4079 + y. What is the tens digit of q?
8
What is the tens digit of ((7 + -21)/14)/(1/(-5645))?
4
Let v = -34074 - -51353. What is the hundreds digit of v?
2
Let u(p) = -p**3 + 11*p**2 - 13*p + 21. Let j be u(10). Let h be 4047/j - (-4)/(-12). What is the te